 - 369. What is the units digit of s?
0
What is the tens digit of (-3 - 0 - -2)/(16/(-864))?
5
Let r = 16 - 14. Suppose -10 = -r*o - 3*o. Suppose -3*v - o*n + 72 = 0, 0 = 3*v + 3*n - 37 - 35. What is the tens digit of v?
2
Let k be (4/5)/((-6)/45). Let m(d) = -d**3 - 5*d**2 + 5*d - 7. Let a be m(k). What is the units digit of a + 1 + 0 + 2?
2
Let m = 2461 + -1301. What is the hundreds digit of m?
1
Let b(k) = -k**2 - k + 5. Let s be b(0). Suppose -6 = -s*g + 4. Suppose 0*j - 50 = -m + j, 0 = m - g*j - 51. What is the units digit of m?
9
Suppose 3*y = 7*y + 332. Let t = -44 - y. Suppose 0 = -5*v - 0*v, 3*k - 3*v - t = 0. What is the tens digit of k?
1
Let t be (-2 - 0) + 54*2. Let o = 154 - t. What is the units digit of o?
8
Suppose -2*w + 2*y = 4, -w - 2*y - y = -14. What is the units digit of w/(-8) + (-4712)/(-32) - 3?
4
Suppose -r = 2*r - 12. Let p be (-45)/6*r/3. What is the units digit of (-6 + p)/(-2*1)?
8
Let w(n) = -n**3 - 8*n**2 + 8*n - 5. Let i be w(-9). Suppose z + 5*c = -i*z + 365, 0 = 5*z - 5*c - 315. What is the units digit of z?
8
Let t be 2/(88/22 - (-358)/(-90)). Let j(v) = -6*v**2 + 4. Let x be j(-3). Let n = x + t. What is the tens digit of n?
4
Let p(v) = -v**3 - 17*v**2 + 36*v - 34. Let f be p(-19). Suppose 122 = 2*y + 2*h, 2*y + y - f*h - 204 = 0. What is the tens digit of y?
6
Suppose -3*f + 2*x + 7240 = 0, -f + 3*x + 678 = -1747. What is the tens digit of f?
1
Let y(x) = -x**2 - 18*x + 4. Let l be y(-18). Suppose r + 64 = 3*r. Suppose -l*s + 0*s - 5*o = -34, r = 4*s + 4*o. What is the units digit of s?
6
Let s(q) = 3*q**3 + 6*q**2 - 12*q + 4. Let v be s(4). Let d = v + -151. What is the units digit of d?
3
Let d(i) = -i**3 - 31*i**2 - 11*i - 56. What is the units digit of d(-31)?
5
Suppose 7*a - 758 - 1538 = 0. Let t = a - 176. What is the hundreds digit of t?
1
Suppose -251 - 37 = 4*q - s, 0 = -2*q - 2*s - 154. Let h = -43 - q. Suppose -v + h = 5*v. What is the units digit of v?
5
Let i = -190 - -299. Let n = -71 + i. What is the tens digit of n?
3
Let z = -229 - -447. Let j be 5/(-5) + -153 - 1. Let p = z + j. What is the tens digit of p?
6
Let k(b) = b**2 - 5*b + 52. What is the hundreds digit of k(15)?
2
Suppose 2*c - r + 58 = 0, -5*r - 73 = 3*c - 3*r. Let z = c + 44. What is the tens digit of z?
1
Suppose -312 - 16 = 2*h. Let v = -1533 + 1443. Let o = v - h. What is the tens digit of o?
7
Let r(w) = 10*w - 17. Let m be -1*(6 - 2)*-1. Let g be 10 + (0 - (0 + m)). What is the units digit of r(g)?
3
Let r be 143/(3 + 1 + -3). Suppose 0 = -4*u + r - 31. What is the units digit of u?
8
Suppose -12 = -4*k, -17*s + 12*s + 2838 = -4*k. What is the tens digit of s?
7
Let y(j) = 5*j**2 + 2*j. Let k be y(7). Let v = k - 97. What is the units digit of v?
2
Let p = 4 - 7. Let v be 2*p*(-8)/(-6). Let r(q) = q**3 + 8*q**2 - q - 1. What is the units digit of r(v)?
7
Let o = -25 + 25. Let n(q) = q**3 + q + 70. What is the units digit of n(o)?
0
Let h = 61 + 53. Suppose -l = l - h. Suppose 11*p + l = 14*p. What is the units digit of p?
9
Let g(u) = u**3 - 9*u**2 - u + 1. Suppose -23 = -j - 13. What is the units digit of g(j)?
1
Let p be -4 + 2 - -3 - 4*-1. Let x(o) = -o**2 + 3. Let g be x(-5). Let b = p - g. What is the tens digit of b?
2
Let m(u) = -31*u + 18. Let l be m(-21). Suppose -c - l = -4*c. What is the hundreds digit of c?
2
Let z = -33 - -31. What is the tens digit of (0 - 55/z)*2?
5
Let d = 87 - -149. What is the units digit of d?
6
Let a be ((-2)/(-5))/((-1)/(-5)). Let u(y) = -y**3 + 4*y**2 - y + 2. Let s be u(a). Let o = 25 - s. What is the units digit of o?
7
Suppose -w = -2*i - 141, 3*w - 2*w + 267 = -4*i. What is the units digit of (1 + 5/2)/((-2)/i)?
9
What is the thousands digit of ((-7)/2)/(9 + (-20956)/2328)?
2
Let a = -7 + -12. What is the tens digit of (-57 - (-2)/(-2))/(a/19)?
5
Suppose -4*b = -9 - 11. Let k be 3 + (5 - 3) + 5. Let u = k + b. What is the tens digit of u?
1
Let o(n) = -181*n**3 - 3*n - 2. Let s be o(-1). Let p = 498 - s. What is the units digit of p?
6
Let q(d) be the first derivative of -d**4/4 + 5*d**3/3 + 3*d - 1. Suppose -2*u + 2 = -3*j, 5*u + 13*j - 12*j - 22 = 0. What is the units digit of q(u)?
9
Let h(y) be the third derivative of y**4/24 + 2*y**3/3 - 5*y**2. Let z be h(-2). Let d = 3 - z. What is the units digit of d?
1
Suppose 3*p = -3*m + 3, 4*p + 5 = 2*m + 15. Let h(q) = -q**3 - 2 + 0 + 2*q**3 + 7*q**p - 2*q**3. What is the tens digit of h(6)?
3
Suppose 5*j - 2310 = 4*r - 0*r, j - 481 = -3*r. Suppose 794 = 5*c - j. What is the hundreds digit of c?
2
Suppose -3*y = -s - 2885, 0 = 3*s - 3. Suppose 8*j + 5*j = y. What is the tens digit of j?
7
Let r(g) = 5*g**2 + 6*g - 2. Let a be r(-5). Suppose 0 = 94*k - a*k - 185. What is the units digit of k?
5
Let z = -34 - -37. Suppose -2*u + 4*y + 741 = 3*u, 3*u + z*y = 423. What is the tens digit of u?
4
What is the units digit of (19 + 3)/(4/86 + 0)?
3
Suppose -14*i = -15*i + 3. Let v(r) = 10*r**2 + 2*r - 7. What is the tens digit of v(i)?
8
Suppose -2*u = -m - 2*m + 50, 5 = -5*u. What is the hundreds digit of (-24)/m + 265/2?
1
Let n(q) = -75*q + 9. Let u(o) = -38*o + 4. Let p(z) = -3*n(z) + 7*u(z). What is the units digit of p(-1)?
2
Suppose -49*s + 200832 = 15*s. What is the units digit of s?
8
Let k(p) be the first derivative of 5 + 3/2*p**2 + 4*p. What is the tens digit of k(4)?
1
Let c = 17 + -10. Let n(m) be the first derivative of 2*m**3/3 - 11*m**2/2 - 10*m + 12. What is the tens digit of n(c)?
1
Suppose 33*g - 24 = 34*g. What is the units digit of 85*(3/10)/(g/(-32))?
4
Let c(i) = -24*i - 3*i**2 - 13 + 56*i**3 + 13*i - 57*i**3. What is the tens digit of c(-6)?
6
Let p(b) = 0 - 5 + 2*b**2 - 3*b**2 - 9*b**3 + 2*b + 8. What is the units digit of p(-1)?
9
Let d(m) = -7*m + 24. What is the units digit of d(3)?
3
Let o = 1703 + -1681. What is the tens digit of o?
2
Suppose -14 = 5*t + 4*s, -5*t - 3*s - 17 = -4. Let r(x) = x + 2. Let c be r(t). Suppose -4*p + g + 4*g = -45, p - g - 10 = c. What is the units digit of p?
5
Suppose -3*h + 2348 = 5*x, -3*x = -7 + 22. What is the hundreds digit of h?
7
Let j = -1 + -23. Let g = j + 67. What is the units digit of g?
3
Let o(h) = 91*h**3 + h - 1. Let l be o(1). Let t = l - -98. What is the tens digit of t?
8
Let o be (-18)/(-8)*(9 - 5). What is the units digit of o + 1/(1/2)*-1?
7
Let b = 272 - -111. What is the hundreds digit of b?
3
Let z(o) = 5*o**3 - 2*o**2 + 2*o - 1. Let g be z(1). What is the tens digit of (290/25)/(g/10)?
2
Suppose -3*d - 16 = -5*d. Let y(q) = q - 6. Let p be y(d). Suppose p = 2*f - 36. What is the tens digit of f?
1
Let d(a) = -28*a + 66. What is the units digit of d(-2)?
2
Suppose -5*h = 5*j, 5*h + 40 = 7*j - 2*j. Let m = 14 - j. Let l(d) = -d**2 + 12*d. What is the tens digit of l(m)?
2
Let f = -36 + 40. What is the tens digit of ((-2)/f)/((-10)/1580)?
7
Let v = 5444 - 2191. What is the hundreds digit of v?
2
Let a be 24/(-6) - (0 + -2) - 0. What is the tens digit of a - (-60)/18 - 298/(-6)?
5
What is the hundreds digit of (-1)/((-8 - -4) + (-3854)/(-964))?
4
Let m(c) = 139*c + 59. What is the tens digit of m(5)?
5
Let v = 14 + -25. Let j(l) = -l**3 - 12*l**2 - 9*l + 2. Let b(f) = 2*f**3 + 24*f**2 + 19*f - 4. Let o(q) = -4*b(q) - 7*j(q). What is the tens digit of o(v)?
2
Let l = -24 - -5. Suppose 0 = 9*x - 14*x + 285. Let g = x + l. What is the units digit of g?
8
Let m = -4 + -13. Let q = m - -24. Suppose -2*h = -q*h - 2*w + 157, 2*w - 58 = -2*h. What is the units digit of h?
3
Suppose 0 = 5*c - 4*v + 63, -2*c = 3*v + 14 + 2. Let l = c + 18. Let x(i) = -i**3 + 8*i**2 - 6*i + 4. What is the tens digit of x(l)?
1
Let f = 4056 - 1622. What is the hundreds digit of f?
4
Suppose 3*l + 113*a - 116*a - 13266 = 0, 5*l + 5*a = 22130. What is the tens digit of l?
2
What is the units digit of 2/(-32)*-452*4?
3
Let g(w) = -4*w + 20. Suppose 4*q - 25 = -1. Let j be g(q). What is the units digit of 19 + j + (2 - 1)?
6
Suppose 0 = -2*n - 2*x + 54 + 86, -n + 2*x = -58. Let d = -87 - -62. Let b = d + n. What is the units digit of b?
1
Let q(n) be the first derivative of 5*n**2 - 10*n - 241. Suppose -9 + 4 = -k. What is the units digit of q(k)?
0
Let v(c) = c**3 + 19*c**2 + 18*c + 3. Let z be v(-18). Suppose -z*s + 3*g = -396, 4*s = -6*g + 4*g + 504. What is the tens digit of s?
2
